
--
-- Table structure for table `newscategories`
--

CREATE TABLE `newscategories` (
  `id` char(36) NOT NULL,
  `name` varchar(255) NOT NULL,
  PRIMARY KEY (`id`),
  UNIQUE KEY `id_UNIQUE` (`id`)
) ENGINE=InnoDB DEFAULT CHARSET=utf8;

--
-- Dumping data for table `newscategories`
--

INSERT INTO `newscategories` VALUES ('533183d9-dc8c-4c4b-918b-3e28b2216712','offres-speciales'),('5332a6a8-b030-4395-91ef-34aab2216792','nos-actualites');

--
-- Table structure for table `newslettersubscribers`
--

CREATE TABLE `newslettersubscribers` (
  `id` char(36) NOT NULL,
  `date` datetime NOT NULL,
  `email` varchar(255) NOT NULL,
  PRIMARY KEY (`id`),
  UNIQUE KEY `id_UNIQUE` (`id`)
) ENGINE=InnoDB DEFAULT CHARSET=utf8;

--
-- Dumping data for table `newslettersubscribers`
--


--
-- Table structure for table `options`
--

CREATE TABLE `options` (
  `id` char(36) NOT NULL,
  `name` varchar(255) NOT NULL,
  `value` text,
  `domain` varchar(255) NOT NULL,
  `type` varchar(255) NOT NULL,
  PRIMARY KEY (`id`),
  UNIQUE KEY `idoptions_UNIQUE` (`id`)
) ENGINE=InnoDB DEFAULT CHARSET=utf8;

--
-- Dumping data for table `options`
--

INSERT INTO `options` VALUES ('50f2923c-6bec-47a7-9c5b-217ce2946ddf','info.email','','all',''),('50fff517-0054-42b7-bfa1-67a4d5ba2112','planmaps.url','https://www.google.fr/maps/place/H%C3%B4tel+Beaugency/@48.8566911,2.3071732,17z/data=!3m1!4b1!4m2!3m1!1s0x47e6702764c5faa7:0x174fec395c9036fe','all',''),('511bcff0-275c-4cf3-afeb-08f4d5ba2112','url.eficom','http://www.eficom.fr','all',''),('511bd009-7d68-4e10-8075-0ac3d5ba2112','url.ehotelconsulting','http://www.e-hotelconsulting.com/','all',''),('511bd024-b5d8-4d9f-840f-0bbdd5ba2112','url.fcformation','http://www.fc-formation.com/','all',''),('511bd055-5930-4a0d-acd2-0d7dd5ba2112','url.sellinity','http://www.sellinity.com/','all',''),('511bd077-d2e0-4a01-bb29-0f32d5ba2112','url.eaxess','http://www.e-axess.fr/','all',''),('51654d4e-2568-466b-a152-1161b2216712','googleanalytics.tracker','<script>\r\n  (function(i,s,o,g,r,a,m){i[\'GoogleAnalyticsObject\']=r;i[r]=i[r]||function(){\r\n  (i[r].q=i[r].q||[]).push(arguments)},i[r].l=1*new Date();a=s.createElement(o),\r\n  m=s.getElementsByTagName(o)[0];a.async=1;a.src=g;m.parentNode.insertBefore(a,m)\r\n  })(window,document,\'script\',\'//www.google-analytics.com/analytics.js\',\'ga\');\r\n\r\n  ga(\'create\', \'UA-11655454-1\', \'auto\');\r\n  ga(\'send\', \'pageview\');\r\n\r\n</script>','all',''),('53231bc4-e9cc-4fe0-a653-0f00b2216712','vinivi.url','','all',''),('533960d5-3c74-4a4d-a7de-09fdb2216752','itineraire.url','https://www.google.fr/maps/dir//H%C3%B4tel+Beaugency,+21+Rue+Duvivier,+75007+Paris/@48.8414716,2.2570778,12z/data=!4m8!4m7!1m0!1m5!1m1!1s0x47e6702764c5faa7:0x174fec395c9036fe!2m2!1d2.307173!2d48.856691?hl=fr','www',''),('53425cdb-71f8-48ed-b251-6c3ab2216752','email.contact','infos@hotel-beaugency.com','www',''),('5342b2a9-4dbc-4690-a09f-2e5fb2216752','facebook.url','https://fr-fr.facebook.com/hotel.beaugency','www',''),('5342b2ed-0914-4edc-80d3-336db2216752','twitter.url','https://twitter.com/hotelbeaugency','www',''),('5342b31b-87a4-45a7-992d-359db2216752','googleplus.url','https://plus.google.com/107785107564960344819/post','www',''),('534bc6a4-c100-4e8a-a569-332bb2216752','email.livredor','infos@hotel-beaugency.com','www','');

--
-- Table structure for table `pages`
--

CREATE TABLE `pages` (
  `id` char(36) NOT NULL,
  `meta_title` varchar(100) DEFAULT NULL,
  `meta_description` varchar(200) DEFAULT NULL,
  `meta_keywords` varchar(200) DEFAULT NULL,
  `name` varchar(255) NOT NULL,
  `domain` varchar(255) NOT NULL,
  PRIMARY KEY (`id`),
  UNIQUE KEY `id_UNIQUE` (`id`)
) ENGINE=InnoDB DEFAULT CHARSET=utf8;

--
-- Dumping data for table `pages`
--

INSERT INTO `pages` VALUES ('5329bbf6-b794-4e21-a7ae-510bb2216752','Hôtel Paris Tour Eiffel – Hôtel Beaugency – Site Officiel – 3 Étoiles','A 10mn de la Tour Eiffel et des Invalides, l\'hôtel Beaugency***, vous accueille dans un établissement chaleureux et accueillant au cœur de Paris 7e.','','hotel','www'),('5332eaab-2dd8-466d-8b95-4ba7b2216792','Les Chambres de l\'Hotel Beaugency – Tour Eiffel – Invalides - Paris','Personnalisées et agréables, les chambres de l\'hôtel Beaugency vous offrent calme et confort près de la Tour Eiffel et des Invalides, à Paris 7ème.','','les-chambres','www'),('533400e6-e448-4ea3-8f21-7ea1b2216712','Quartier Paris Tour Eiffel – Hôtel Beaugency – Hotel 3 Etoiles','A 700m de l\'hôtel Beaugency, découvrez les lieux mythiques de Paris : Tour Eiffel, Jardins du Trocadero, Invalides, École Militaire, Champs-Elysées','','quartier','www'),('53340e08-be5c-4f74-9f9a-6ef8b2216752','Galerie Photos de l\'Hôtel Beaugency – Hotel 3 Etoiles a Paris','Découvrez les photos de l\'hôtel Beaugency, hôtel 3 étoiles situé au cœur Paris 7ème, près de la Tour Eiffel, des Invalides et de l’École Militaire.','','galerie-photos','www'),('5334377e-339c-44e6-82a7-4f4cb2216792','Actualités de l\'Hotel Beaugency – Evenements & Sorties a Paris','L\'Hôtel Beaugency, près de la Tour Eiffel, vous propose de découvrir les actualités, les suggestions de sorties et d\'événements à Paris.','','nos-actualites','www'),('53345012-0c68-4a69-a1ef-1323b2216792','Contacter & Acceder a l\'Hotel Beaugency – 3 etoiles a Paris Tour Eiffel','Pour contacter, accéder ou réserver à l\'hôtel Beaugency : Tel : 01 47 05 01 63, adresse : 21 Rue Duvivier 75007 Paris, Email : infos@hotel-beaugency.','','contact-et-acces','www'),('53358d8e-89bc-406c-a53a-670ab2216792','Chambre Single de l\'Hôtel Beaugency – Paris Tour Eiffel – Hotel 3 Etoiles','Idéale pour un voyage d\'affaires à Paris, la chambre Single de l\'Hôtel Beaugency vous offre calme et confort près de la Tour Eiffel: bureau, wifi...','','single','www'),('53358d9c-c44c-49cb-9a10-67fdb2216792','Chambre Double de l\'Hôtel Beaugency – Paris Tour Eiffel – Hotel 3 Etoiles','La chambre double de l\'hôtel Beaugency est idéale pour un séjour à deux à Paris et vous offre confort et calme près de la Tour Eiffel et des Invalides','','double','www'),('53358dab-df50-4df2-8625-6949b2216792','Chambre Twin de l\'Hôtel Beaugency – Paris Tour Eiffel – Hotel 3 Etoiles','Idéale pour un séjour à deux, la chambre Twin de l\'hôtel Beaugency vous offre deux lits jumeaux, au centre de Paris, près de la Tour Eiffel.','','twin','www'),('53358dcd-6688-4274-bd66-6bb4b2216792','Chambre Triple de l\'Hotel Beaugency – Paris Tour Eiffel – Hotel 3*','Pour un séjour en famille, l\'hôtel Beaugency vous offre une chambre triple près de la Tour Eiffel. Confort moderne lors de votre séjour à Paris.','','triple','www'),('53359ff2-fddc-4ecb-8501-5722b2216792','Restaurants a Proximité de l\'Hotel Beaugency –  Quartier  Tour Eiffel','Lors de votre séjour à Paris, découvrez les restaurants à proximité de l\'hôtel Beaugency, puis visitez la Tour Eiffel et les Invalides situés à 10mn.','','les-restaurants','www'),('5335a00c-c788-4ebb-83c7-5a32b2216792','Brasseries a  proximité de l\'Hotel Beaugency –  Quartier Tour Eiffel','Découvrez les suggestions de l\'équipe de l\'hôtel Beaugency et découvrez les brasseries, bars et cafés du quartier Tour Eiffel, à Paris 7e.','','brasseries','www'),('534b996a-0d6c-445c-bc9a-1ad7b2216752','Offres speciales & Promotions de l\'hôtel Beaugency – Proche Tour Eiffel','Découvrez les offres et promotions de l\'hôtel Beaugency, pour un séjour à Paris Tour Eiffel. Meilleur prix garanti en réservant sur notre site.','','offres-speciales','www'),('534ba20c-ac14-469f-9360-39aab2216752','Livre d\'Or & Avis clients de l\'Hôtel Beaugency – Paris Tour Eiffel','Découvrez les avis clients de l\'hôtel Beaugency, 3 étoiles à Paris Tour Eiffel, et partagez votre expérience à votre tour.','','livre-dor','www'),('5367a72a-d188-459d-b9d8-3280b2216752','Les Musees a proximité de l\'Hotel Beaugency - Quartier Tour EiffelLes Musees a proximité de l\'Hotel ','Pour un séjour à Paris empreint de culture, découvrez les musées à proximité de l\'hôtel Beaugency, situé près de la Tour Eiffel et des Invalides.','','les-musees','www'),('5367a751-5db4-4a67-9828-352bb2216752','Magasins a proximité de l\'Hotel Beaugency  - Quartier Tour Eiffel','Découvrez les lieux incontournables du shopping à Paris, à proximité de l\'hôtel Beaugency situé près de la Tour Eiffel et des grands magasins.','','magasins','www'),('5367a78a-5bdc-40f5-b75a-3aedb2216752','Lieux incontournables a proximité de l\'Hotel Beaugency  - Tour Eiffel','Découvrez les lieux incontournables à découvrir près de l\'hôtel Beaugency à Paris: Tour Eiffel, Hôtel des Invalides, Musée du Quai Branly, Musée Rodin','','les-incontournables','www'),('53bd4f5b-e598-4758-b364-3407b2216792','Mentions Légales - Hôtel Beaugency*** - Paris\r\n','Mentions Légales de l\'hôtel Beaugency. Hôtel 3 étoiles à Paris','','mentions-legales','www'),('54c0e08e-4d70-4eaa-bcb5-6b8db2216712','Default Title','Default Description','Default Keywords','sup','www'),('54c0e85e-c05c-44b4-ac8e-4d84b2216712','Default Title','Default Description','Default Keywords','twinsup','www');

--
-- Table structure for table `photos`
--

CREATE TABLE `photos` (
  `id` char(36) NOT NULL,
  `name_photo` varchar(255) NOT NULL,
  `galeries_id` char(36) NOT NULL,
  `text` text NOT NULL,
  `title_photo` varchar(255) NOT NULL,
  PRIMARY KEY (`id`,`galeries_id`),
  UNIQUE KEY `id_UNIQUE` (`id`),
  KEY `fk_photos_galeries1` (`galeries_id`),
  CONSTRAINT `fk_photos_galeries1` FOREIGN KEY (`galeries_id`) REFERENCES `galeries` (`id`) ON DELETE NO ACTION ON UPDATE NO ACTION
) ENGINE=InnoDB DEFAULT CHARSET=utf8;

--
-- Dumping data for table `photos`
--

INSERT INTO `photos` VALUES ('53b508eb-08c0-4c3a-9fb7-2eb5b2216792','4c808-facade.jpg','533ac9e6-8a7c-4368-8c33-1d2fb2216792','Default Value','Default Value'),('53b50911-f390-4414-9b53-3193b2216792','3f56c-detail.jpg','533ac9e6-8a7c-4368-8c33-1d2fb2216792','Default Value','Default Value'),('53b50933-625c-43d6-8dca-357bb2216792','e61d8-desk.jpg','533ac9e6-8a7c-4368-8c33-1d2fb2216792','Default Value','Default Value'),('53b5094f-2c3c-4bf3-b45e-369fb2216792','537d5-ambiance.jpg','533ac9e6-8a7c-4368-8c33-1d2fb2216792','Default Value','Default Value'),('53b50984-3748-402e-b2ed-3ae4b2216792','de680-salle_petit_dejeuner.jpg','533ac9e6-8a7c-4368-8c33-1d2fb2216792','Default Value','Default Value'),('53b509a6-23fc-4647-b429-3df4b2216792','9bb68-petit_dejeuner.jpg','533ac9e6-8a7c-4368-8c33-1d2fb2216792','Default Value','Default Value'),('53b509e9-4014-46ff-ac23-428ab2216792','b04fd-buffet_petit_dejeuner.jpg','533ac9e6-8a7c-4368-8c33-1d2fb2216792','Default Value','Default Value'),('53b50b52-d9e8-4f03-b97f-74c5b2216792','27ad4-chambre.jpg','533ac9f7-a4b8-4d93-95ef-1ec7b2216792','Default Value','Default Value'),('53b50b78-d500-4d81-9f42-776cb2216792','06a21-chambre.jpg','533ac9f7-a4b8-4d93-95ef-1ec7b2216792','Default Value','Default Value'),('53b50b8e-4600-4d39-ab4b-78b0b2216792','f53d0-chambre.jpg','533ac9f7-a4b8-4d93-95ef-1ec7b2216792','Default Value','Default Value'),('53b50ba3-11a0-4b02-b0b3-79b5b2216792','8d911-chambre.jpg','533ac9f7-a4b8-4d93-95ef-1ec7b2216792','Default Value','Default Value'),('53b50bb6-45f4-41c4-bb89-7b14b2216792','99009-chambre.jpg','533ac9f7-a4b8-4d93-95ef-1ec7b2216792','Default Value','Default Value'),('53b50bcd-4888-4329-8cac-7c99b2216792','4c165-salle_de_bains.jpg','533ac9f7-a4b8-4d93-95ef-1ec7b2216792','Default Value','Default Value'),('53b50be0-c890-450a-b4b9-7e8eb2216792','a6529-chambre.jpg','533ac9f7-a4b8-4d93-95ef-1ec7b2216792','Default Value','Default Value'),('53b50bf7-8770-496c-8c8a-7fd4b2216792','0af0c-chambre.jpg','533ac9f7-a4b8-4d93-95ef-1ec7b2216792','Default Value','Default Value'),('53b50c10-bba4-4f47-b469-03b2b2216792','2c670-detail_chambre.jpg','533ac9f7-a4b8-4d93-95ef-1ec7b2216792','Default Value','Default Value'),('53b50c27-6c70-4586-974a-05f6b2216792','951c1-chambre.jpg','53b556c9-890c-4b8d-b0e5-7ffdb2216792','Default Value','Default Value'),('53b50c3e-f8c8-4dd6-8e75-06b8b2216792','1f1a0-chambre.jpg','533ac9f7-a4b8-4d93-95ef-1ec7b2216792','Default Value','Default Value'),('53b50c59-e8e8-42b1-88b7-0822b2216792','64d3b-ambiance.jpg','533ac9f7-a4b8-4d93-95ef-1ec7b2216792','Default Value','Default Value'),('53b50c6f-27b8-4ba1-b45d-1026b2216792','960f2-vue_chambre.jpg','533ac9f7-a4b8-4d93-95ef-1ec7b2216792','Default Value','Default Value'),('53b50c87-fea0-4131-a45b-1125b2216792','dcad4-salle_de_bains.jpg','533ac9f7-a4b8-4d93-95ef-1ec7b2216792','Default Value','Default Value'),('53b50cec-77f4-451c-960c-17d1b2216792','83118-quartier.jpg','533aca09-ec70-4d3d-a329-1fc3b2216792','Default Value','Default Value'),('53b50cff-805c-498a-819f-1936b2216792','fc116-quartier.jpg','533aca09-ec70-4d3d-a329-1fc3b2216792','Default Value','Default Value'),('53b50d1b-a3ac-4244-b669-1c78b2216792','f1b71-quartier.jpg','533aca09-ec70-4d3d-a329-1fc3b2216792','Default Value','Default Value'),('53b50e7f-f2e8-499c-901c-43b7b2216792','54896-paris.jpg','533aca18-8e3c-4af1-8518-209db2216792','Default Value','Default Value'),('53b50e96-9e00-4a5b-80c7-4506b2216792','f18af-paris.jpg','533aca18-8e3c-4af1-8518-209db2216792','Default Value','Default Value'),('53b50ead-3f8c-4c95-b028-467fb2216792','40bb6-paris.jpg','533aca18-8e3c-4af1-8518-209db2216792','Default Value','Default Value'),('53b50ec5-4490-4f66-9bad-4e62b2216792','c5edf-paris.jpg','533aca18-8e3c-4af1-8518-209db2216792','Default Value','Default Value'),('53b50ee0-bccc-4f3a-9a0d-4f65b2216792','51161-paris.jpg','533aca18-8e3c-4af1-8518-209db2216792','Default Value','Default Value'),('53b50efc-b410-4f24-93fd-51edb2216792','7ed31-paris.jpg','533aca18-8e3c-4af1-8518-209db2216792','Default Value','Default Value'),('53b50f16-4ea4-48c3-9eac-538bb2216792','342bb-paris.jpg','533aca18-8e3c-4af1-8518-209db2216792','Default Value','Default Value'),('53b6d3eb-cb90-4089-924c-03bbb2216712','f7368-single.jpg','53b5569e-4978-4899-94a9-7cbfb2216792','Default Value','Default Value'),('53b6d3f5-1fe8-42f2-8c5c-04b2b2216712','15e02-single2.jpg','53b5569e-4978-4899-94a9-7cbfb2216792','Default Value','Default Value'),('53b6d4b1-92e4-4612-b42d-156bb2216712','c9ce6-double.jpg','53b556b6-15f0-4814-97b8-7ef6b2216792','Default Value','Default Value'),('53b6d4bc-c8bc-42a4-b6ea-15feb2216712','6d456-double2.jpg','53b556b6-15f0-4814-97b8-7ef6b2216792','Default Value','Default Value'),('53b6d570-a164-4f00-a325-25f9b2216712','13b0d-twin.jpg','53b556c9-890c-4b8d-b0e5-7ffdb2216792','Default Value','Default Value'),('53b6d5a8-a140-422b-b8ba-2920b2216712','247f0-twin2.jpg','53b556c9-890c-4b8d-b0e5-7ffdb2216792','Default Value','Default Value'),('53b6d5b7-e024-4a0f-b656-29f4b2216712','e6b3d-twin3.jpg','53b556c9-890c-4b8d-b0e5-7ffdb2216792','Default Value','Default Value'),('53b6d660-ae48-436a-8d9d-3380b2216712','b139c-triple.jpg','53b556dd-f898-4ac7-9eb4-032fb2216792','Default Value','Default Value'),('53b6d66c-64fc-4653-8478-3433b2216712','d6a6d-triple2.jpg','53b556dd-f898-4ac7-9eb4-032fb2216792','Default Value','Default Value'),('54d9d6f6-4c7c-4176-be4b-0c19b2216792','e4974-chambre_double.jpg','53b556b6-15f0-4814-97b8-7ef6b2216792','Default Value','chambre double'),('5582af2b-73e8-4ee6-9a46-2448b2216792','2943a-chambre_double_superieure.jpg','55c1e4ec-c358-45be-afef-49a7b2216752','Default Value','double superior'),('5582afba-fb84-4ebb-aed6-38eeb2216792','0344c-bathrom_twin_superior.jpg','533ac9f7-a4b8-4d93-95ef-1ec7b2216792','Default Value','Default Value'),('5582b018-ed5c-4600-a259-3c82b2216792','4412b-bathroom_double_superior.jpg','533ac9f7-a4b8-4d93-95ef-1ec7b2216792','Default Value','bathroom DOUBLE SUPERIOR'),('5582e0b8-28a0-40dd-9c65-0de4b2216752','3b8d2-chambre_double_superieure.jpg','533ac9f7-a4b8-4d93-95ef-1ec7b2216792','chambre double supérieure avec lit king size et salle de bain et toilettes séparées ','double superior room'),('55c1debb-e574-4244-9003-2542b2216752','485b2-chambre_1.jpg','53b556c9-890c-4b8d-b0e5-7ffdb2216792','Default Value','Default Value'),('55c1dedc-d450-4ec7-af02-2771b2216752','fd07e-chambre_2.jpg','533ac9f7-a4b8-4d93-95ef-1ec7b2216792','Default Value','Default Value'),('55c1df0e-6d98-43d3-be5f-2962b2216752','17834-chambre_3.jpg','533ac9f7-a4b8-4d93-95ef-1ec7b2216792','Default Value','Default Value'),('55c1e450-e5dc-45ee-993d-33c7b2216752','1aa0e-twin_sup.jpg','5582b1cf-6264-4948-b743-61aeb2216792','Default Value','Default Value'),('55c1e4b2-85e0-4985-bdec-46c0b2216752','8ee25-twin_sup_2.jpg','5582b1cf-6264-4948-b743-61aeb2216792','Default Value','Default Value'),('55c1e4d0-cf00-405f-95d7-4872b2216752','a9d79-twin_sup_3.jpg','5582b1cf-6264-4948-b743-61aeb2216792','Default Value','Default Value'),('55c1e53d-7e74-465f-a682-4d2ab2216752','1fb18-double_sup.jpg','55c1e4ec-c358-45be-afef-49a7b2216752','Default Value','Default Value'),('55c1e568-5dc4-4381-b60b-4e68b2216752','9d305-double_sup_2.jpg','55c1e4ec-c358-45be-afef-49a7b2216752','Default Value','Default Value'),('55c1e594-9b64-440b-ada1-50b1b2216752','d7aaf-double_sup_3.jpg','533ac9e6-8a7c-4368-8c33-1d2fb2216792','Default Value','Default Value'),('55c1e5b3-3a04-40be-852b-6c71b2216752','9da95-twin_sup_4.jpg','5582b1cf-6264-4948-b743-61aeb2216792','Default Value','Default Value'),('55c1f4fd-5d90-49aa-9339-072bb2216752','d1119-ch_1.jpg','53b556b6-15f0-4814-97b8-7ef6b2216792','Default Value','Default Value'),('55c1f68b-5a98-4fba-9b1b-2872b2216752','dd512-ch_3.jpg','55c1e4ec-c358-45be-afef-49a7b2216752','Default Value','Default Value');

--
-- Table structure for table `posts`
--

CREATE TABLE `posts` (
  `id` char(36) NOT NULL,
  `language` varchar(2) NOT NULL,
  `status` varchar(1) NOT NULL,
  `date` datetime NOT NULL,
  `archivedate` varchar(255) NOT NULL,
  `title` varchar(255) NOT NULL,
  `slug` varchar(255) NOT NULL,
  `summary` text,
  `text` text,
  `name_image` varchar(255) DEFAULT NULL,
  `old_name_image` varchar(255) NOT NULL,
  `user` varchar(255) NOT NULL,
  PRIMARY KEY (`id`),
  UNIQUE KEY `id_UNIQUE` (`id`)
) ENGINE=InnoDB DEFAULT CHARSET=utf8;

--
-- Dumping data for table `posts`
--


--
-- Table structure for table `posts_postscategories`
--

CREATE TABLE `posts_postscategories` (
  `posts_id` char(36) NOT NULL,
  `postscategories_id` char(36) NOT NULL
) ENGINE=InnoDB DEFAULT CHARSET=latin1;

--
-- Dumping data for table `posts_postscategories`
--


--
-- Table structure for table `posts_postshotels`
--

CREATE TABLE `posts_postshotels` (
  `posts_id` char(36) NOT NULL,
  `postshotels_id` char(36) NOT NULL
) ENGINE=MyISAM DEFAULT CHARSET=latin1;

--
-- Dumping data for table `posts_postshotels`
--


--
-- Table structure for table `posts_poststags`
--

CREATE TABLE `posts_poststags` (
  `posts_id` char(36) NOT NULL,
  `poststags_id` char(36) NOT NULL
) ENGINE=InnoDB DEFAULT CHARSET=latin1;

--
-- Dumping data for table `posts_poststags`
--


--
-- Table structure for table `postscategories`
--

CREATE TABLE `postscategories` (
  `id` char(36) NOT NULL,
  `name` varchar(255) NOT NULL,
  `slug` varchar(255) NOT NULL,
  PRIMARY KEY (`id`),
  UNIQUE KEY `id_UNIQUE` (`id`)
) ENGINE=InnoDB DEFAULT CHARSET=utf8;

--
-- Dumping data for table `postscategories`
--


--
-- Table structure for table `postscomments`
--

CREATE TABLE `postscomments` (
  `id` char(36) NOT NULL,
  `value` text NOT NULL,
  `name_author` varchar(255) NOT NULL,
  `status` int(1) NOT NULL,
  `date` date NOT NULL,
  `posts_id` char(36) NOT NULL,
  PRIMARY KEY (`id`),
  UNIQUE KEY `id_UNIQUE` (`id`)
) ENGINE=InnoDB DEFAULT CHARSET=utf8;

--
-- Dumping data for table `postscomments`
--


--
-- Table structure for table `postshotels`
--

CREATE TABLE `postshotels` (
  `id` varchar(36) NOT NULL,
  `name` varchar(255) NOT NULL
) ENGINE=MyISAM DEFAULT CHARSET=latin1;

--
-- Dumping data for table `postshotels`
--


--
-- Table structure for table `poststags`
--

CREATE TABLE `poststags` (
  `id` char(36) NOT NULL,
  `name` varchar(255) NOT NULL,
  `slug` varchar(255) NOT NULL,
  PRIMARY KEY (`id`),
  UNIQUE KEY `id_UNIQUE` (`id`)
) ENGINE=InnoDB DEFAULT CHARSET=utf8;

--
-- Dumping data for table `poststags`
--


--
-- Table structure for table `pressreviews`
--

CREATE TABLE `pressreviews` (
  `id` char(36) NOT NULL,
  `language` varchar(2) NOT NULL,
  `status` tinyint(1) NOT NULL,
  `date` datetime NOT NULL,
  `title` varchar(255) NOT NULL,
  `text` text,
  `name_image` varchar(255) NOT NULL,
  `name_pdf` varchar(255) NOT NULL,
  PRIMARY KEY (`id`),
  UNIQUE KEY `id_UNIQUE` (`id`)
) ENGINE=InnoDB DEFAULT CHARSET=utf8;

--
-- Dumping data for table `pressreviews`
--


--
-- Table structure for table `texts`
--

CREATE TABLE `texts` (
  `id` char(36) NOT NULL,
  `name` varchar(255) NOT NULL,
  `value` text,
  `pages_id` char(36) NOT NULL,
  PRIMARY KEY (`id`,`pages_id`),
  UNIQUE KEY `id_UNIQUE` (`id`),
  UNIQUE KEY `name` (`name`),
  KEY `fk_contenus_pages` (`pages_id`),
  CONSTRAINT `fk_contenus_pages` FOREIGN KEY (`pages_id`) REFERENCES `pages` (`id`) ON DELETE NO ACTION ON UPDATE NO ACTION
) ENGINE=InnoDB DEFAULT CHARSET=utf8;

--
-- Dumping data for table `texts`
--

INSERT INTO `texts` VALUES ('532af80c-82ec-4402-bbbc-3459b2216752','Titre-hotel','<h1>H&ocirc;tel beaugency- 3 &eacute;toiles &agrave; Paris</h1>','5329bbf6-b794-4e21-a7ae-510bb2216752'),('532af834-8a38-4146-bd89-373cb2216752','Sous-titre-hotel','<h2>Situ&eacute; entre la Tour Eiffel, les Invalides , l&rsquo;&Eacute;cole Militaire &amp; le Champs de Mars.</h2>','5329bbf6-b794-4e21-a7ae-510bb2216752'),('532af85c-8084-4e81-865f-3918b2216752','Content-hotel','<p>Dans le chic <strong>7e arrondissement</strong>, d&eacute;tente et grand charme vous donnent rendez-vous &agrave;<strong> l&rsquo;h&ocirc;tel 3*** Beaugency</strong>, exceptionnellement situ&eacute; &agrave; Paris, &agrave; deux pas de la place de l&rsquo;Ecole Militaire, &agrave; proximit&eacute; de la Tour Eiffel et des Invalides.<br />L&rsquo;accueil y est chaleureux, le confort et le service de qualit&eacute;, la vie typiquement parisienne&nbsp;! D&eacute;couvrez ce quartier typique <strong>au c&oelig;ur de Paris</strong>, proche de la rue Cler et de son c&eacute;l&egrave;bre march&eacute;, ses commerces et restaurants mais &eacute;galement du mus&eacute;e d&rsquo;Orsay, des quais de Seine&hellip;<br /><br />En week-end, pour une escapade ou un rendez-vous professionnel, notre &eacute;tablissement vous r&eacute;serve repos, confort ainsi qu&rsquo;un large choix de services&nbsp;:<br /><br />&nbsp;&bull; Conciergerie multilingue 24h/24h&nbsp;: Anglais, Italien, Arabe<br />&nbsp;&bull; Presse Internationale<br />&nbsp;&bull; R&eacute;servations de spectacles, restaurants, taxis et navettes a&eacute;roports<br />&nbsp;&bull; Possibilit&eacute; d&rsquo;envoyer ou recevoir des fax <br />&nbsp;&bull; Wifi gratuit , illimit&eacute; et s&eacute;curis&eacute;<br />&nbsp;&bull; H&ocirc;tel climatis&eacute;<br />&nbsp;&bull; Petit d&eacute;jeuner buffetde7h &agrave; 10h, service chambre de 7h30 jusqu&rsquo;&agrave; 10h<br />&nbsp;&bull; Espace internet<br />&nbsp;&bull; Bagagerie&nbsp; - Consigne<br />&nbsp;&bull; Animaux non Accept&eacute;s<br />&nbsp;&bull; Parking public payant &agrave; proximit&eacute;</p>','5329bbf6-b794-4e21-a7ae-510bb2216752'),('5332ebc1-4298-48f2-8596-5d6cb2216792','Titre-chambre-single','<h1>Chambres Single,</h1>','53358d8e-89bc-406c-a53a-670ab2216792'),('5332ebeb-8ec0-4a1f-89c2-5fdab2216792','Sous-titre-chambre','<h2>Nuit de d&eacute;tente et de confort pr&egrave;s de la Tour Eiffel</h2>','5332eaab-2dd8-466d-8b95-4ba7b2216792'),('5332ec10-fd84-4ca1-aa26-6118b2216792','Content-chambre-single','<p>(1 lit simple 140x180) - 1 personne<br /><br />Pour profiter de <strong>Paris</strong> en solo, une <strong>chambre individuelle</strong> cosy et&nbsp; &eacute;quip&eacute;e de tout le confort n&eacute;cessaire &agrave; votre repos et &agrave; votre d&eacute;tente. Avec une salle de bain priv&eacute;e avec douche, un bureau, une penderie.&nbsp;</p>','53358d8e-89bc-406c-a53a-670ab2216792'),('5332ed7d-11a8-4490-810c-746db2216792','Content-equipements-chambre','<h4>Equipements des Chambres :</h4>\r\n<p>&bull; Wifi gratuit, illimit&eacute; et s&eacute;curis&eacute;<br />&bull; Climatisation<br />&bull; Double vitrage<br />&bull; Salle de bain priv&eacute;e avec douche ou baignoire <br />&bull; Avec s&egrave;che- cheveux, produits d&rsquo;accueil, miroir grossissant<br />&bull; T&eacute;l&eacute;vision satellite&nbsp; &ndash; cha&icirc;nes internationales<br />&bull; T&eacute;l&eacute;phone <br />&bull; R&eacute;veils t&eacute;l&eacute;phoniques 24h/24<br />&bull; Coffre-fort<br />&bull; Minibar<br />&bull; Service pressing<br />&bull; Les chambres sont &eacute;quip&eacute;es de parquet</p>','5332eaab-2dd8-466d-8b95-4ba7b2216792'),('533401cc-5cdc-4db3-9f0b-136db2216712','Titre-quartier','<h1>Le Quartier:<br />Tour Eiffel, Invalides, Ecole militaire,</h1>','533400e6-e448-4ea3-8f21-7ea1b2216712'),('533401f1-e7f4-4328-8c7d-15b1b2216712','Sous-titre-quartier','<h2>H&ocirc;tel Beaugency, Paris 7e.</h2>','533400e6-e448-4ea3-8f21-7ea1b2216712'),('5334020e-4cdc-4ea7-8636-1723b2216712','Content-quartier','<p>Que faire lors de votre s&eacute;jour &agrave; l&rsquo;<strong>h&ocirc;tel Beaugency</strong>&nbsp;?<br /><br />La situation id&eacute;ale de l&rsquo;h&ocirc;tel Beaugency dans un <strong>quartier calme, pr&eacute;serv&eacute; et mythique de Paris</strong> vous permet de d&eacute;couvrir &agrave; proximit&eacute; quelques uns des lieux cultes de la capitale fran&ccedil;aise.</p>','533400e6-e448-4ea3-8f21-7ea1b2216712'),('533422df-b770-42ae-af42-4c12b2216792','Titre-galerie-photos','<h1>Galerie Photos,</h1>','53340e08-be5c-4f74-9f9a-6ef8b2216752'),('53342305-ed9c-4ad3-b07b-4f14b2216792','Sous-titre-galerie-photos','<h2>H&ocirc;tel Beaugency - Tour Eiffel</h2>','53340e08-be5c-4f74-9f9a-6ef8b2216752'),('53342336-e0b0-4e84-a461-530fb2216792','Content-galerie-photos','<p>D&eacute;couvrez l\'H&ocirc;tel Beaugency tout en images.</p>','53340e08-be5c-4f74-9f9a-6ef8b2216752'),('533437a7-8a5c-4846-9642-522cb2216792','Titre-actualites','<h1>Actualit&eacute;s,</h1>','5334377e-339c-44e6-82a7-4f4cb2216792'),('533437d1-4a30-474b-b3d0-55c4b2216792','Sous-titre-actualites','<h2>H&ocirc;tel Beaugency- Tour Eiffel</h2>','5334377e-339c-44e6-82a7-4f4cb2216792'),('5334502d-5d08-4977-8b0f-15a0b2216792','Titre-contact','<h1>Contact &amp; Acc&egrave;s,</h1>','53345012-0c68-4a69-a1ef-1323b2216792'),('53345054-b0b0-4c13-963a-17e1b2216792','Sous-titre-contact','<h2>H&ocirc;tel Beaugency, situ&eacute; entre la Tour Eiffel, les Invalides &amp; l&rsquo;&Eacute;cole Militaire, au c&oelig;ur du 7&deg; arrondissement de Paris.</h2>','53345012-0c68-4a69-a1ef-1323b2216792'),('5334509f-8c24-4e1f-9324-1cf9b2216792','Content-acces','<h3>O&ugrave; sommes-nous situ&eacute;s?</h3>\r\n<p>A 3 mn de La place de L&rsquo;Ecole Militaire et des arr&ecirc;ts de bus<br />A 3 mn de la station de m&eacute;tro la plus proche (Ecole Militaire, ligne 8)<br />A 10 mn de la station de RER la plus proche (Invalides, ligne C)<br />A 20&nbsp; mn de la gare SNCF Montparnasse<br />A 30 mn de l&rsquo;a&eacute;roport de Orly ( en taxi)<br />A 55&nbsp; mn de l\'a&eacute;roport de Roissy Charles De Gaulle (en taxi )<br /><br />M&eacute;tro : Ecole Militaire ou La Tour Maubourg (ligne 8)<br />RER (&agrave; proximit&eacute;) : Invalides (ligne C)<br />Bus : Ecole militaire (lignes 28, 80, 82, 87 et 92), Saint Pierre du Gros Caillou (ligne 69)<br /><br />Parking public payant &agrave; proximit&eacute; :<br />Parking Joffre.Ecole Militaire, entr&eacute;e&nbsp;:&nbsp; 5 avenue de la Mottre Picquet.Paris 7&deg;</p>\r\n<p>&nbsp;</p>\r\n<h3>Comment venir depuis:</h3>','53345012-0c68-4a69-a1ef-1323b2216792'),('53358d75-f61c-4bd9-8262-647cb2216792','Titre-chambres','<h1>Les chambres de l\'H&ocirc;tel Beaugency</h1>','5332eaab-2dd8-466d-8b95-4ba7b2216792'),('533596d1-1854-4993-89d3-1e76b2216792','Content-chambre','<p>Cosy et confortables, les <strong>chambres de l&rsquo;h&ocirc;tel Beaugency</strong> vous offrent les services et les &eacute;quipements souhait&eacute;s <strong>au c&oelig;ur de Paris</strong>, &agrave; proximit&eacute; de la Tour Eiffel, des Invalides et de l&rsquo;&Eacute;cole Militaire.<br />Votre d&eacute;tente sera totale. Que vous choisissiez une chambre Single, une chambre Double, ou une chambre Twin.</p>\r\n<p><strong>Nous&nbsp; informons nos clients&nbsp; que gr&acirc;ce &agrave; l&rsquo;am&eacute;nagement de deux de nos chambres, nous sommes d&eacute;sormais en mesure d&rsquo;accueillir des personnes en situation de handicap sensoriel, cognitif ou mental . Nous ne pouvons malheureusement pas accueillir des usagers en fauteuil roulant.</strong></p>','5332eaab-2dd8-466d-8b95-4ba7b2216792'),('53395b8b-4b90-4f60-8e14-2cfbb2216752','Titre-quartier-restaurants','<h1>Les Restaurants &agrave; proximit&eacute;,</h1>','53359ff2-fddc-4ecb-8501-5722b2216792'),('53395bb0-c810-45c2-b81a-302cb2216752','Sous-titre-quartier-restaurants','<h2>Cuisine gastronomique &agrave; Paris , pr&egrave;s de la Tour Eiffel</h2>','53359ff2-fddc-4ecb-8501-5722b2216792'),('53395d14-7d98-47be-8de3-4748b2216752','Content-quartier-restaurants','<p>&nbsp;LE PETIT CLER au 29 Rue Cler, 75007 Paris. <br />Un petit restaurant &eacute;tonnant &agrave; deux pas de votre h&ocirc;tel comme de votre h&ocirc;tel o&ugrave; la carte est bien gouleyante&nbsp;! <br /><br />LA FONTAINE DE MARS au 129, rue Saint Dominique 75007 Paris. <br />L&rsquo;accent du sud ouest de la France se d&eacute;cline ici en bouche et en ar&ocirc;mes &agrave; deux pas de la Tour Eiffel. A noter&nbsp;: les cassoulets (entre autres) sont &agrave; se damner.<br /><br />LES COCOTTES au135 Rue St Dominique 75007 Paris. <br />Laissez-vous tenter par les cocottes du fameux chef Christian Constant. Point de poules sur les tables mais bien des cocottes Staub en fonte o&ugrave; des mijot&eacute;s envoutants attendent vos palais curieux.</p>','53359ff2-fddc-4ecb-8501-5722b2216792'),('53395e1a-002c-4834-8629-57b8b2216752','Titre-quartier-brasseries','<h1>Les Brasseries &agrave; proximit&eacute;,</h1>','5335a00c-c788-4ebb-83c7-5a32b2216792'),('53395e37-c850-4884-81d3-599bb2216752','Sous-titre-quartier-brasseries','<h2>D&eacute;tente &agrave; Paris, Tour Eiffel, Invalides</h2>','5335a00c-c788-4ebb-83c7-5a32b2216792'),('53395e5f-c3e4-4c6c-acbc-5b2eb2216752','Content-quartier-brasseries','<p>&nbsp;LE CAFE DU MARCHE au 38 rue Cler, 75007 Paris.<br />Au pied de la Tour Eiffel, cet endroit m&eacute;rite une visite pour la carte des vins comme pour l&rsquo;animation qui r&egrave;gne au c&oelig;ur de la rue Cler&hellip;<br /><br />LE TRIBECA au 36 rue Cler, 75007 Paris.<br />Id&eacute;al pour un ap&eacute;ritif ou un caf&eacute; dans un climat branch&eacute; et d&eacute;contract&eacute; en plein c&oelig;ur de la rue Cler, &agrave; deux pas de l&rsquo;h&ocirc;tel.<br /><br />BRASSERIE THOUMIEUX au 79, rue Saint-Dominique,&nbsp;75007&nbsp;Paris.<br />Entre la brasserie de luxe, le restaurant gastronomique, le bistrot mondain, Thoumieux et son chef Jean-Fran&ccedil;ois Pi&egrave;ge ont tout bon&nbsp;! Notre conseil&nbsp;: n&rsquo;oubliez jamais de prendre un dessert&nbsp;!</p>','5335a00c-c788-4ebb-83c7-5a32b2216792'),('533a8958-1f14-411b-84a9-068bb2216792','Titre-chambre-double','<h1>Chambres double,</h1>','53358d9c-c44c-49cb-9a10-67fdb2216792'),('533a89e6-4844-4402-8dd7-10e1b2216792','Content-chambre-double','<p>(1 lit double 140x180) - 2 personnes<br /><br />Une chambre &eacute;l&eacute;gante et confortable pour des nuits <strong>au c&oelig;ur de Paris</strong>&hellip; Avec literie de haute qualit&eacute;, mobilier contemporain, salle de bain avec baignoire ou douche.</p>','53358d9c-c44c-49cb-9a10-67fdb2216792'),('533a8a0d-f498-406e-a080-13a6b2216792','Titre-chambre-twin','<h1>Chambres Twin,</h1>','53358dab-df50-4df2-8625-6949b2216792'),('533a8a25-29a0-45ab-b425-14d1b2216792','Content-chambre-twin','<p>(2 lits jumeaux) - 2 personnes<br /><br />Partagez un espace douillet et cosy <strong>au c&oelig;ur de Paris</strong>&nbsp;! Avec literie de qualit&eacute;, salle de bain avec baignoire.</p>','53358dab-df50-4df2-8625-6949b2216792'),('533a8a72-9218-4efa-b574-1a80b2216792','Titre-chambre-triple','<h1>Chambres triples,</h1>','53358dcd-6688-4274-bd66-6bb4b2216792'),('533a8a85-bae4-46a6-b126-1bb1b2216792','Content-chambre-triple','<p>(2 lits jumeaux et 1 lit simple) - 3 personnes<br /><br />Id&eacute;ale pour b&eacute;n&eacute;ficier &agrave; trois d&rsquo;une <strong>chambre spacieuse</strong> o&ugrave; la d&eacute;tente et le confort vous donnent rendez-vous &agrave; proximit&eacute; de la <strong>Tour Eiffel</strong>. Avec literie de qualit&eacute; et d&eacute;cor raffin&eacute;, salle de bain avec baignoire.</p>','53358dcd-6688-4274-bd66-6bb4b2216792'),('533aa639-bb40-4f6f-ae38-0d18b2216792','Content-acces-aeroports','<p><strong>A&eacute;roports :</strong></p>\r\n<p><strong>Comment rejoindre l\'h&ocirc;tel depuis l\'a&eacute;roport Roissy-Charles de Gaulle</strong> <strong>(CDG) ?</strong><br />En Taxi : Depuis l&rsquo;a&eacute;roport Charles de Gaulle : 55 minutes<br />A 10 minutes de taxi d&rsquo;Op&eacute;ra (navettes bus pour a&eacute;roport CDG)<br />En Bus : La navette s&rsquo;arr&ecirc;te &agrave; Op&eacute;ra, puis prendre la ligne 8 du m&eacute;tro, direction Balard et arr&ecirc;t &agrave; la station Ecole Militaire.<br />En M&eacute;tro : Prendre le RER B et sortir &agrave; Ch&acirc;telet, puis prendre le RER C jusqu&rsquo;&agrave; &laquo; Pont de l&rsquo;Alma &raquo; (&agrave; 12 minutes &agrave; pied de l&rsquo;h&ocirc;tel, ou prendre le Bus 92 en direction de &laquo; Gare Montparnasse &raquo; et arr&ecirc;t &agrave; &laquo; Bosquet Grenelle &raquo;<br /><br /><strong>Comment venir &agrave; l\'h&ocirc;tel depuis l\'a&eacute;roport</strong>:<br />En Taxi : &agrave; 30 minutes<br />En Bus : La navette Orly Bus s&rsquo;arr&ecirc;te &agrave; Invalide (&agrave; 10 minutes de l&rsquo;h&ocirc;tel), puis prendre la ligne 8 du m&eacute;tro, direction Balard et descendre &agrave; la station &laquo; Ecole Militaire &raquo;.<br /><br /></p>','53345012-0c68-4a69-a1ef-1323b2216792'),('533aa6c4-5194-417b-962b-18c7b2216792','Content-acces-gares','<p><strong>Gares:</strong></p>\r\n<p>Gare Saint-Lazare<br />M&eacute;tro ligne 14 direction Olympiades jusqu\'&agrave; Madeleine puis ligne 8 direction Balard, arr&ecirc;t Ecole Militaire; ou Bus 28 direction Porte d\'Orl&eacute;ans, arr&ecirc;t Ecole Militaire.<br /><br />Gare du Nord<br />M&eacute;tro ligne 4 direction Porte d\'Orl&eacute;ans jusqu\'&agrave; Strasbourg Saint Denis puis ligne 8 direction Balard, arr&ecirc;t Ecole Militaire; ou Bus 42 direction H&ocirc;pital Europ&eacute;en George Pompidou, arr&ecirc;t Rapp La Bourdonnais.<br /><br />Gare de l\'Est<br />M&eacute;tro ligne 7 direction Villejuif jusqu\'&agrave; Op&eacute;ra puis ligne 8 direction Balard, arr&ecirc;t Ecole Militaire.<br /><br />Gare de Lyon<br />M&eacute;tro ligne 1 direction La D&eacute;fense jusqu\'&agrave; Concorde puis m&eacute;tro ligne 8 direction Balard, arr&ecirc;t Ecole Militaire.<br /><br />Gare d\'Austerlitz<br />RER C direction Pontoise, arr&ecirc;t Pont de l\'Alma.<br /><br />Gare Montparnasse<br />M&eacute;tro ligne 6 direction Charles de Gaulle Etoile jusqu\'&agrave; La Motte Picquet Grenelle puis ligne 8 direction Cr&eacute;teil, arr&ecirc;t Ecole Militaire; ou Bus 92 direction Porte de Champerret, arr&ecirc;t Ecole Militaire.<br /><br />A<span id=\"result_box\" class=\"short_text\" lang=\"fr\"><span class=\"hps\">utoroute</span> <br /><span class=\"hps\">voir</span> </span>www.mappy.com</p>','53345012-0c68-4a69-a1ef-1323b2216792'),('533aa714-fb3c-48ef-9d59-1e0ab2216792','Content-acces-autoroutes','<p><a href=\"https://www.google.fr/maps/dir//Hotel+Apollinaire,+39+Rue+Delambre,+75014+Paris/@48.841492,2.325744,17z/data=!4m12!1m3!3m2!1s0x0:0x112eb87fdec3d55b!2sHotel+Apollinaire!4m7!1m0!1m5!1m1!1s0x47e671cbf814dd75:0x112eb87fdec3d55b!2m2!1d2.325744!2d48.841492\" target=\"_blank\"><strong>Cr&eacute;er mon Itin&eacute;raire</strong></a></p>','53345012-0c68-4a69-a1ef-1323b2216792'),('533aa740-f784-4efe-8efc-207db2216792','Content-acces-a-pieds','<p><strong>A pied :</strong></p>\r\n<p>A 1 minute : Rue Cler (rue pi&eacute;tonne)<br />A&nbsp; 5 minutes : Quais de Seine<br />A 8 minutes : Tour Eiffel, Champ de Mars, Invalides, <br />A 10 minutes : Musee Rodin&nbsp;.<br />A 15 mn&nbsp;: Saint Germain des Pr&eacute;s (Chambre des D&eacute;put&eacute;s)</p>','53345012-0c68-4a69-a1ef-1323b2216792'),('533aa760-0830-4514-9c32-222cb2216792','Content-acces-metro','<p><strong>En m&eacute;tro/RER/bus :</strong></p>\r\n<p>A&nbsp; 15&nbsp; minutes : Mus&eacute;e du Louvre, Notre Dame de Paris,l&rsquo;Op&eacute;ra Garnier, Grands Boulevards et Grands Magasins,Avenue Montaigne et ses Grands Couturiers et&nbsp; du quartier Montparnasse .<br />A 20&nbsp; minutes : Porte de Versailles (m&eacute;tro direct, ligne 8 )</p>','53345012-0c68-4a69-a1ef-1323b2216792'),('534b9a60-b480-4231-83f6-2df4b2216752','Titre-offres-speciales','<h1>Offres sp&eacute;ciales</h1>','534b996a-0d6c-445c-bc9a-1ad7b2216752'),('534b9a96-91f0-4509-81f6-31afb2216752','Sous-titre-offres-speciales','<h2>H&ocirc;tel Beaugency - Tour Eiffel</h2>','534b996a-0d6c-445c-bc9a-1ad7b2216752'),('534baea0-0f60-49f2-9ad1-2a5eb2216752','Titre-livre-dor','<h1>Notre livre d\'or</h1>','534ba20c-ac14-469f-9360-39aab2216752'),('534baedc-a3cc-49d0-af92-2ec6b2216752','Sous-titre-livre-dor','<h2>H&ocirc;tel Beaugency - Tour Eiffel</h2>','534ba20c-ac14-469f-9360-39aab2216752'),('5367a7c1-85b0-4956-b76e-3e44b2216752','Titre-quartier-incontournables','<h1>Les incontournables</h1>','5367a78a-5bdc-40f5-b75a-3aedb2216752'),('5367a7e1-4714-42a2-938c-4016b2216752','Sous-titre-quartier-incontournables','<h2>H&ocirc;tel Beaugency, Paris 7e.</h2>','5367a78a-5bdc-40f5-b75a-3aedb2216752'),('5367a815-6e5c-49a5-a4cf-4367b2216752','Content-quartier-incontournables','<p>LA TOUR EIFFEL est sans doute l&rsquo;&eacute;difice le plus mythique de Paris. La &laquo;&nbsp;Dame de Fer&nbsp;&raquo;, sur les rives de la Seine vous est tr&egrave;s facilement accessible depuis votre h&ocirc;tel&nbsp;!<br /><br />L&rsquo;HOTEL DES INVALIDES est &eacute;galement un monument phare de Paris. D&eacute;couvrez &agrave; proximit&eacute; de votre h&ocirc;tel son d&ocirc;me dor&eacute; et d&eacute;couvrez le tombeau de Napol&eacute;on et le mus&eacute;e de l&rsquo;arm&eacute;e.</p>','5367a78a-5bdc-40f5-b75a-3aedb2216752'),('5367a93e-0d48-40c7-a20a-5b00b2216752','Titre-quartier-musees','<h1>Mus&eacute;es</h1>','5367a72a-d188-459d-b9d8-3280b2216752'),('5367a968-1150-466e-9010-5e48b2216752','Sous-titre-quartier-musees','<h2>H&ocirc;tel Beaugency, Paris 7e.</h2>','5367a72a-d188-459d-b9d8-3280b2216752'),('5367a98e-37b8-4a33-a4ca-613db2216752','Content-quartier-musees','<p>LE MUSEE RODIN, install&eacute; dans son agr&eacute;able maison est consacr&eacute; au c&eacute;l&egrave;bre sculpteur fran&ccedil;ais, auteur notamment du Penseur comme du fameux Baiser.<br /><br />LE MUSEE DU QUAI BRANLY. Mus&eacute;e d&rsquo;art et d&rsquo;anthropologie situ&eacute; au pied de la Tour Eiffel, il ouvre l&rsquo;esprit et la curiosit&eacute; de tous devant masques, totems, costumes, instruments, armes et outils de tous les continents.<br /><br />LE MUSEE D&rsquo;ORSAY. L&rsquo;ancienne gare d&rsquo;Orsay est devenue un lieu mythique pour qui appr&eacute;cie toutes les grandeurs de l&rsquo;art fran&ccedil;ais du XIXe si&egrave;cle. Extasiez-vous sans compter devant les C&eacute;zanne, Corot, Courbet, Toulouse Lautrec, Delacroix, Monet, Manet et autres Van Gogh&hellip;</p>','5367a72a-d188-459d-b9d8-3280b2216752'),('5367a9ad-5970-4198-bdad-62bcb2216752','Titre-quartier-magasins','<h1>Magasins</h1>','5367a751-5db4-4a67-9828-352bb2216752'),('5367a9c4-4c24-4033-8c3a-642bb2216752','Sous-titre-quartier-magasins','<h2>H&ocirc;tel Beaugency, Paris 7e.</h2>','5367a751-5db4-4a67-9828-352bb2216752'),('5367a9fd-4398-45dd-a6aa-699bb2216752','Content-quartier-magasins','<p>LA RUE CLER est une c&eacute;l&egrave;bre rue pi&eacute;tonne parisienne et qui, &agrave; quelques pas de votre h&ocirc;tel, vous charmera. Au programme&nbsp;: ambiance typiquement parisienne, boutiques pittoresques, restaurants et incroyable march&eacute; &agrave; ciel ouvert.<br /><br />LA RUE SAINT DOMINIQUE est, de l&rsquo;avis de tous, tr&egrave;s agr&eacute;able. A proximit&eacute; de l&rsquo;h&ocirc;tel, ses boutiques, ses restaurants et chocolatiers font la joie de tous les fl&acirc;neurs, tous les gourmands sans parler des fashion victims&hellip;<br /><br />LES QUAIS DE SEINE. Romantique, litt&eacute;raire et artistique, l&rsquo;ambiance des quais de Seine fait partie du grand charme de Paris&nbsp;! Ici vous vous extasiez du spectacle des plus beaux &eacute;difices et des plus envo&ucirc;tantes perspectives sur la capitale fran&ccedil;aise.<br /><br />LES CHAMPS ELYSEES vous attendent &agrave; 20 minutes seulement de votre h&ocirc;tel. Mythiques, ils relient l&rsquo;Arc de Triomphe &agrave; la Concorde et &eacute;tirent, le long de leurs trottoirs concept stores et boutiques chics.&nbsp;</p>','5367a751-5db4-4a67-9828-352bb2216752'),('53bd4fa9-561c-4bcd-b5ed-3f65b2216792','Titre-mentions-legales','<h1>Legal notices</h1>\r\n<p>&nbsp;</p>','53bd4f5b-e598-4758-b364-3407b2216792'),('53bd5033-df40-417f-bcd6-47a8b2216792','Content-mentions-legales','<p><strong>&nbsp;H&ocirc;tel Beaugen</strong>cy<br />Tel : 01 47 05 01 63<br />E-mail de contact : infos@hotel-beaugency.com<br />Adresse : 21, rue duvivier 75007 Paris France<br />SIRET : 673 011 566 000 11<br />RCS : PARIS B 672 011 566 <br />N&deg; TVA intracommunautaire&nbsp; : FR 96672011566&nbsp;&nbsp;&nbsp; <br />Forme juridique : S.A.<br />Capital social : 38 417 15 Euros<br />Directeur de publication : Monsieur DEBURGE<br /><br />&nbsp;<br /><strong>Cr&eacute;ation de site internet : <a href=\"http://www.altelis.com\" target=\"_blank\">ALTELIS</a></strong><br />Tel : +33 (0)1 85 09 74 06<br />Adresse: 49-51, rue de Ponthieu<br />&nbsp;&nbsp;&nbsp;&nbsp;&nbsp; 75008 Paris<br />Soci&eacute;t&eacute; &agrave; responsabilit&eacute; limit&eacute;e<br />SIRET : 80164723100019<br />RCS Paris :&nbsp;&nbsp;&nbsp;&nbsp; B 801 647 231<br />N&deg; de TVA Intracommunautaire : FR44801647231<br />Capital social : 100.000,00 &euro;<br /><br />&nbsp;<br /><strong>H&eacute;bergement OVH</strong><br />Tel: &nbsp;&nbsp;&nbsp; 0899 701 761<br />Adresse: &nbsp;&nbsp;&nbsp; 140 Quai du Sartel<br />&nbsp; &nbsp;&nbsp;&nbsp; 59100 ROUBAIX<br />&nbsp; &nbsp;&nbsp;&nbsp; Soci&eacute;t&eacute; &agrave; responsabilit&eacute; limit&eacute;e<br />SIRET: &nbsp;&nbsp;&nbsp; 42476141900011<br />RCS Roubaix-Tourcoing: &nbsp;&nbsp;&nbsp; B 424 761 419<br />Capital social: &nbsp;&nbsp;&nbsp; 7.622,00 &euro;</p>','53bd4f5b-e598-4758-b364-3407b2216792'),('54c0e10f-8440-4a7d-b5b6-6fe3b2216712','Titres-chambres-double-sup','<h1>Chambre double sup&eacute;rieure</h1>','54c0e08e-4d70-4eaa-bcb5-6b8db2216712'),('54c0e1de-590c-441b-a9e1-0927b2216712','Content-chambre-double-sup','Default Value','5329bbf6-b794-4e21-a7ae-510bb2216752'),('54c0e248-2384-40a2-94f0-0e81b2216712','Content-chambres-double-sup','<p>(1 lit double 140x180) - 2 personnes<br /><br />Une chambre &eacute;l&eacute;gante et confortable pour des nuits <strong>au c&oelig;ur de Paris</strong>&hellip; Avec literie de haute qualit&eacute;, mobilier contemporain, salle de bain avec toillettes separ&eacute;es.</p>','54c0e08e-4d70-4eaa-bcb5-6b8db2216712'),('54c0e325-7b04-4a8c-bc0c-3d40b2216712','Content-equipements-chambre-sup','<h4>Equipements des Chambres :</h4>\r\n<p>&bull; Wifi gratuit, illimit&eacute; et s&eacute;curis&eacute;<br />&bull; Climatisation<br />&bull; Double vitrage<br />&bull; Salle de bain priv&eacute;e avec douche <br />&bull; Avec s&egrave;che- cheveux, produits d&rsquo;accueil, miroir grossissant<br />&bull; T&eacute;l&eacute;vision satellite&nbsp; &ndash; cha&icirc;nes internationales<br />&bull; T&eacute;l&eacute;phone <br />&bull; R&eacute;veils t&eacute;l&eacute;phoniques 24h/24<br />&bull; Coffre-fort<br />&bull; Minibar<br />&bull; Service pressing<br />&bull; Les chambres sont &eacute;quip&eacute;es de parquet</p>','54c0e08e-4d70-4eaa-bcb5-6b8db2216712'),('54c0e8ec-0d00-405a-a6ab-627fb2216712','Titres-chambres-twinsup','<h1>Twin sup&egrave;rieure</h1>','54c0e85e-c05c-44b4-ac8e-4d84b2216712'),('54c0e98b-3e98-4a1d-9726-69e6b2216712','Content-chambre-twinsup','<p>(2 lits jumeaux) - 2 personnes<br /><br />Partagez un espace douillet et cosy <strong>au c&oelig;ur de Paris</strong>&nbsp;! Avec literie de qualit&eacute;,</p>\r\n<p>avec toillettes s&eacute;par&eacute;es.</p>','54c0e85e-c05c-44b4-ac8e-4d84b2216712'),('54c0ea11-90c0-4514-a19a-15ddb2216712','Content-equipements-chambre-twin-sup','<h4>Equipements des Chambres :</h4>\r\n<p>&bull; Wifi gratuit, illimit&eacute; et s&eacute;curis&eacute;<br />&bull; Climatisation<br />&bull; Double vitrage<br />&bull; Salle de bain priv&eacute;e avec douche <br />&bull; Avec s&egrave;che- cheveux, produits d&rsquo;accueil, miroir grossissant<br />&bull; T&eacute;l&eacute;vision satellite&nbsp; &ndash; cha&icirc;nes internationales<br />&bull; T&eacute;l&eacute;phone <br />&bull; R&eacute;veils t&eacute;l&eacute;phoniques 24h/24<br />&bull; Coffre-fort<br />&bull; Minibar<br />&bull; Service pressing<br />&bull; Les chambres sont &eacute;quip&eacute;es de parquet</p>','54c0e85e-c05c-44b4-ac8e-4d84b2216712');


